*g**2 - 11*g + 50. List the prime factors of y(4).
2, 3, 193
Suppose -5076 = -2*a + 5*u, -5*a - u = -13614 + 978. List the prime factors of a.
2, 79
Suppose -28*s + 23*s + 785 = 0. Let d = -22 + s. List the prime factors of d.
3, 5
Let k be (-73)/3 - 12/18. Let i = k + 25. Suppose -m + 6 + 22 = i. What are the prime factors of m?
2, 7
Suppose -v + 39 = 47. List the prime factors of (1116/v)/(6/(-8)).
2, 3, 31
Let i = -9 - -8. Let h = i + 4. Suppose 0*d + 120 = h*d. What are the prime factors of d?
2, 5
Suppose -5*i + 7 = -18. Suppose -s = -2*p - 79, -149 = -3*s + s - i*p. Suppose -3*t = -s - 127. List the prime factors of t.
2, 17
Suppose 0 = -2*t + 5*t + 4*a - 44, 1 = 2*t - 3*a. Suppose t = 2*u - 38. Let y = 6 + u. What are the prime factors of y?
29
List the prime factors of (-215)/10*(-141 - -7).
43, 67
Suppose 4*p + 5*w + 457 = -270, -9 = 3*w. Let s = p - -92. Let g = s - -153. List the prime factors of g.
67
Let l be (-5)/(15/(-2))*222. Suppose -l = 4*c - 8*c. Suppose 4 = -b + 3*j, -5*b + 0*b + c = 4*j. List the prime factors of b.
5
Let g(h) = 5*h**2 + 12*h + 17. List the prime factors of g(-5).
2, 41
What are the prime factors of -4 + -23*96/(-6)?
2, 7, 13
Suppose -220*h + 1930 = -218*h. List the prime factors of h.
5, 193
Let q = 92 - 33. Suppose 4*g + 21 = -3*c - 14, 3*c + q = 2*g. Let o = 7 - c. What are the prime factors of o?
2, 3
Let g(n) = 90*n**2 - n - 1. Suppose -4*q + 2*p = 2, 0 = -q + 2*p - 0 + 1. What are the prime factors of g(q)?
2, 3, 5
Suppose -18*j + 40 = -8*j. Suppose 4*v = 2*r + 926, -v - v = j*r - 488. List the prime factors of v.
2, 3, 13
Let k(u) = -740*u - 110. What are the prime factors of k(-2)?
2, 5, 137
List the prime factors of (-59976)/(-192) + 9/(-24).
2, 3, 13
Suppose u - 5*m = 13, 0 = 3*u - u - 3*m - 12. List the prime factors of u/(-2)*(-168)/9.
2, 7
Suppose 8*k = 4*w + 6*k - 13084, -2*w = 5*k - 6518. List the prime factors of w.
7, 467
Let l = 596 + -290. What are the prime factors of l?
2, 3, 17
List the prime factors of 4/(-2) - (-532 + 36).
2, 13, 19
Let g = -396 + 2164. List the prime factors of g.
2, 13, 17
Let g(r) = 15*r**2 + 7*r - 2. List the prime factors of g(-3).
2, 7
List the prime factors of ((-27)/(-18))/(6/2124).
3, 59
Suppose 98*d = 99*d - 229. What are the prime factors of d?
229
What are the prime factors of (-4)/((-2)/77 - 0)?
2, 7, 11
Let i(a) = -56*a + 68. List the prime factors of i(-5).
2, 3, 29
Let a = 6707 - 2713. List the prime factors of a.
2, 1997
Let y(f) be the third derivative of -43*f**4/24 - 2*f**3/3 + 9*f**2. What are the prime factors of y(-2)?
2, 41
Let r be -1 + 4*4/16. Suppose -6*w + 5*w + 29 = r. What are the prime factors of w?
29
Suppose -3*t = -4*q + 15002, 3*t = -4*q + 11*q - 26258. What are the prime factors of q?
2, 7, 67
List the prime factors of 10/8 - (299/(-52) + -15).
2, 11
Let s = -21 - -20. List the prime factors of s/3*(-13 - 176).
3, 7
Let r = -21 + 21. Suppose c + r*c - 2 = 0. Suppose o - 30 = -4*s, c*o + 5*s = -o + 111. What are the prime factors of o?
2, 3, 7
Suppose 3*n - 4*k = -41, 2*n = -2*k - 22 + 4. Suppose -3*m - 7 = 2*a - 74, 93 = 4*m - a. Let l = n + m. What are the prime factors of l?
2, 3
Let x(o) = o. Let c be x(5). Let q(z) = 18*z - 273. Let w be q(26). Suppose 0 = c*n + 5*k - w, -3*n + 136 = -2*k + 44. List the prime factors of n.
2, 17
Let k(d) = 9*d**2 + 13*d - 27. What are the prime factors of k(8)?
653
Let b(m) = 6*m**3 - 19*m**2 + 7*m + 27. What are the prime factors of b(5)?
337
Let r = 928 - 659. What are the prime factors of r?
269
Suppose -4*n = 16, -2*n - n + 32 = 2*a. Suppose 0 = -0*b - 2*b - a. Let q(h) = -h**3 - 12*h**2 - 14*h. List the prime factors of q(b).
3, 11
Let t = 3 + -5. What are the prime factors of t + 19 + 5 + -4?
2, 3
Suppose -5*r + 25 = k - 2, 5*r + 8 = 4*k. Suppose k*i - 1152 = -2*i. List the prime factors of i.
2
Let n = 64 - 60. Let f(s) = -s**3 + 7*s**2 + 5*s - 6. Let d be f(7). Let q = d + n. List the prime factors of q.
3, 11
Suppose 5*j = q + 2189, -20*j = -19*j + 4*q - 421. What are the prime factors of j?
19, 23
Let r = 2361 - 1499. What are the prime factors of r?
2, 431
Suppose 6*w - 1775 = 3*w + q, -4*w = -4*q - 2372. What are the prime factors of w?
3, 197
Suppose -28 + 37 = 3*x. What are the prime factors of (x/15 - -1)*(30 - -5)?
2, 3, 7
Let z(t) = 3*t**3 - 2*t**2 + 10*t - 83. What are the prime factors of z(6)?
7, 79
Let y(d) = -5*d**3 - 37*d**2 + 12*d + 2. What are the prime factors of y(-13)?
2, 3, 7, 109
Let c = -5 + 16. Let l(w) = w**2 - 9*w - 14. What are the prime factors of l(c)?
2
Let q be (2/4 - -1)*32/24. Suppose 5*a + 4*z = 315, q*a - 4*z + 197 = 5*a. List the prime factors of a.
59
Let f be (-48)/9 - (-4)/(-6). Let y = 428 - 425. What are the prime factors of (2 + y + f)*-4?
2
Let t(g) = g**3 - g**2 - g + 16. Let o(m) = m**2 + 3*m - 1. Let b be o(-3). Let y = b + 1. What are the prime factors of t(y)?
2
Let w be (-2)/4 + -7*(-3)/6. Suppose -w*v + 4*d + 207 = 2*v, 0 = 5*v - 2*d - 211. What are the prime factors of v?
43
Let p(c) = -5*c**3 - 19*c**2 + 11*c + 3. Let n(k) = 4*k**3 + 19*k**2 - 12*k - 2. Let x(m) = 6*n(m) + 5*p(m). What are the prime factors of x(18)?
3, 7
Suppose 2*j - 12532 = -4*h, -6*j = 4*h - 2*j - 12528. What are the prime factors of h?
2, 1567
List the prime factors of (11/(11/1))/(1/2218).
2, 1109
Suppose -4*q - b - 66 = q, 0 = 3*q + 2*b + 34. Let p be -6*1/(-2)*-7. Let m = q - p. What are the prime factors of m?
7
Let v = 6609 - 3753. List the prime factors of v.
2, 3, 7, 17
Suppose 0 = 3*o + 5*i - 9, -2*i + 7*i = -5*o + 15. Suppose 0*j = 3*j + o*t - 93, -3*j + 3*t + 69 = 0. What are the prime factors of j?
3
List the prime factors of (-11 + 26)*(-144)/(-5).
2, 3
Let f(r) = 20*r**2 + 8*r + 2. Let w be f(-3). Suppose 54 = -k + w. What are the prime factors of k?
2, 13
Suppose -2*g - 902 = -3*d, -d - 7*g = -3*g - 310. List the prime factors of 5 + -8 + d + -1.
2, 149
Suppose -3*b + 18 = -3*h, -2*b - 3*b = -3*h - 34. Let r be (4/b*0)/1. Suppose o - 10 - 9 = r. What are the prime factors of o?
19
Suppose 0 = -400*l + 404*l - 4076. List the prime factors of l.
1019
Let n be ((-2)/3)/((-24)/180). Suppose 2*b = n*j - 10, -b - 2 = 4*j + 3. Suppose -k - 14 + 49 = j. What are the prime factors of k?
5, 7
Let h(c) = -c + 19. Let b be h(8). Let p be (-15)/1*(b - 10). List the prime factors of (-5)/p + 258/9.
29
Suppose 0 = 4*t - 223 - 229. List the prime factors of t.
113
Let y = -423 + 1050. What are the prime factors of y?
3, 11, 19
Let p = 23 + -18. Suppose -5*h + f - 6*f + p = 0, -4*f = -16. List the prime factors of ((-3)/h + 48)/1.
7
Let a be (-46)/(-5) + (-7)/35. Let g = -9 + a. Suppose q - 36 + 16 = g. What are the prime factors of q?
2, 5
Suppose 18*w + 1600 = 22*w. List the prime factors of w.
2, 5
Suppose -4*h + 6*q + 4906 = 4*q, 3*q + 4907 = 4*h. List the prime factors of h.
2, 613
Suppose 13*u + 2376 = 14362. List the prime factors of u.
2, 461
Suppose 2*k + 181 = 5*d, 0*k + 4*k = -3*d - 297. Let c = -35 - k. What are the prime factors of c?
43
Let f(k) = k - 1. Suppose 8 + 17 = -5*q. Let d(v) = 11*v - 7. Let z(t) = q*f(t) + d(t). What are the prime factors of z(4)?
2, 11
Suppose -2*a + 7*a - 2155 = 5*u, -4*u + 2164 = 5*a. List the prime factors of a.
2, 3
Suppose -9*y = -y - 192. Let x = 53 - y. What are the prime factors of x?
29
Let n(q) be the second derivative of 5*q**3/2 - q**2 - 11*q. Let z(j) = -44*j + 5. Let f(k) = 7*n(k) + 2*z(k). What are the prime factors of f(2)?
2, 3, 5
Let n(l) be the second derivative of 3/2*l**2 + 3*l - 1/6*l**3 + 0 + 1/12*l**4. What are the prime factors of n(-4)?
23
Suppose -5*x = s - 1 - 3, 0 = -3*s + x + 12. Suppose 0 = -b - 4*p + 3 - 0, 0 = -s*b + 3*p + 12. Suppose 0 = -b*a + 58 + 98. What are the prime factors of a?
2, 13
Let r(f) = -f**3 - 6*f**2 - 7*f - 1. Let u be r(-5). Suppose -2*z = -5*z + u. Let k = 30 - z. What are the prime factors of k?
3
Let p = 6862 - 10871. List the prime factors of (-1)/(-4) - p/76.
53
Suppose -5862 = -9*d + 6378. List the prime factors of d.
2, 5, 17
Let r(v) = 3*v**2 - 15*v - 71 + 68 - 4*v**2. What are the prime factors of r(-10)?
47
Let w(z) = -z**3 - 10*z**2 + 7*z - 13. Let r be w(-12). Suppose 6*o - r = 223. List the prime factors of o.
3, 23
Let g(t) = 2*t**3 - 33*t**2 + 15*t - 5